{"id":19,"date":"2021-11-08T13:20:48","date_gmt":"2021-11-08T13:20:48","guid":{"rendered":"https:\/\/demo.artureanec.com\/themes\/energium\/?page_id=19"},"modified":"2025-11-05T16:07:37","modified_gmt":"2025-11-05T15:07:37","slug":"o-nas","status":"publish","type":"page","link":"https:\/\/artimex.pl\/suszarniazboz\/o-nas\/","title":{"rendered":"O nas"},"content":{"rendered":"\t\t<div data-elementor-type=\"wp-page\" data-elementor-id=\"19\" class=\"elementor elementor-19\">\n\t\t\t\t\t\t<section class=\"elementor-section elementor-top-section elementor-element elementor-element-4c10174 elementor-section-boxed elementor-section-height-default elementor-section-height-default\" data-id=\"4c10174\" data-element_type=\"section\" data-e-type=\"section\">\n\t\t\t\t\t\t<div class=\"elementor-container elementor-column-gap-default\">\n\t\t\t\t\t<div class=\"elementor-column elementor-col-33 elementor-top-column elementor-element elementor-element-0802a90\" data-id=\"0802a90\" data-element_type=\"column\" data-e-type=\"column\">\n\t\t\t<div class=\"elementor-widget-wrap elementor-element-populated\">\n\t\t\t\t\t\t<div class=\"elementor-element elementor-element-3cf4709 elementor-hidden-laptop elementor-hidden-tablet_extra elementor-hidden-tablet elementor-hidden-mobile_extra elementor-hidden-mobile elementor-absolute elementor-widget elementor-widget-energium_vertical_text\" data-id=\"3cf4709\" data-element_type=\"widget\" data-e-type=\"widget\" data-settings=\"{&quot;_position&quot;:&quot;absolute&quot;}\" data-widget_type=\"energium_vertical_text.default\">\n\t\t\t\t<div class=\"elementor-widget-container\">\n\t\t\t\t\t<div class=\"vertical-text\">O NAS<\/div>\t\t\t\t<\/div>\n\t\t\t\t<\/div>\n\t\t\t\t<div class=\"elementor-element elementor-element-77a25c6 elementor-widget elementor-widget-counter\" data-id=\"77a25c6\" data-element_type=\"widget\" data-e-type=\"widget\" data-widget_type=\"counter.default\">\n\t\t\t\t<div class=\"elementor-widget-container\">\n\t\t\t\t\t\t\t<div class=\"elementor-counter\">\n\t\t\t<div class=\"elementor-counter-title\">Ton na dob\u0119<br> - zdolno\u015b\u0107 suszenia kukurydzy<\/div>\t\t\t<div class=\"elementor-counter-number-wrapper\">\n\t\t\t\t<span class=\"elementor-counter-number-prefix\"><\/span>\n\t\t\t\t<span class=\"elementor-counter-number\" data-duration=\"2000\" data-to-value=\"500\" data-from-value=\"0\" data-delimiter=\".\">0<\/span>\n\t\t\t\t<span class=\"elementor-counter-number-suffix\"><\/span>\n\t\t\t<\/div>\n\t\t<\/div>\n\t\t\t\t\t\t<\/div>\n\t\t\t\t<\/div>\n\t\t\t\t<div class=\"elementor-element elementor-element-087656e elementor-widget elementor-widget-counter\" data-id=\"087656e\" data-element_type=\"widget\" data-e-type=\"widget\" data-widget_type=\"counter.default\">\n\t\t\t\t<div class=\"elementor-widget-container\">\n\t\t\t\t\t\t\t<div class=\"elementor-counter\">\n\t\t\t<div class=\"elementor-counter-title\">Stabilnego rozwoju <br> naszej firmy<\/div>\t\t\t<div class=\"elementor-counter-number-wrapper\">\n\t\t\t\t<span class=\"elementor-counter-number-prefix\"><\/span>\n\t\t\t\t<span class=\"elementor-counter-number\" data-duration=\"2000\" data-to-value=\"23\" data-from-value=\"0\" data-delimiter=\".\">0<\/span>\n\t\t\t\t<span class=\"elementor-counter-number-suffix\">lata +<\/span>\n\t\t\t<\/div>\n\t\t<\/div>\n\t\t\t\t\t\t<\/div>\n\t\t\t\t<\/div>\n\t\t\t\t<div class=\"elementor-element elementor-element-874df23 elementor-widget elementor-widget-counter\" data-id=\"874df23\" data-element_type=\"widget\" data-e-type=\"widget\" data-widget_type=\"counter.default\">\n\t\t\t\t<div class=\"elementor-widget-container\">\n\t\t\t\t\t\t\t<div class=\"elementor-counter\">\n\t\t\t<div class=\"elementor-counter-title\">Specjalist\u00f3w w zespole<\/div>\t\t\t<div class=\"elementor-counter-number-wrapper\">\n\t\t\t\t<span class=\"elementor-counter-number-prefix\"><\/span>\n\t\t\t\t<span class=\"elementor-counter-number\" data-duration=\"2000\" data-to-value=\"50\" data-from-value=\"0\" data-delimiter=\".\">0<\/span>\n\t\t\t\t<span class=\"elementor-counter-number-suffix\">+<\/span>\n\t\t\t<\/div>\n\t\t<\/div>\n\t\t\t\t\t\t<\/div>\n\t\t\t\t<\/div>\n\t\t\t\t\t<\/div>\n\t\t<\/div>\n\t\t\t\t<div class=\"elementor-column elementor-col-66 elementor-top-column elementor-element elementor-element-88613be\" data-id=\"88613be\" data-element_type=\"column\" data-e-type=\"column\">\n\t\t\t<div class=\"elementor-widget-wrap elementor-element-populated\">\n\t\t\t\t\t\t<div class=\"elementor-element elementor-element-e11352c elementor-widget elementor-widget-text-editor\" data-id=\"e11352c\" data-element_type=\"widget\" data-e-type=\"widget\" data-widget_type=\"text-editor.default\">\n\t\t\t\t<div class=\"elementor-widget-container\">\n\t\t\t\t\t\t\t\t\t<blockquote style=\"caret-color: #000000; color: #000000; font-family: Arial; font-weight: 400; text-size-adjust: auto;\"><div dir=\"ltr\"><p class=\"p1\"><b>Artimex S.A. \u2013 operator infrastruktury rolniczej i magazynowej<\/b><b><\/b><\/p><p class=\"p3\">Sp\u00f3\u0142ka Artimex S.A. dzia\u0142a od 2002 roku, rozwijaj\u0105c dzia\u0142alno\u015b\u0107 w bran\u017cy budowlanej i fotowoltaicznej.<strong> Od 2022 roku rozszerza dzia\u0142alno\u015b\u0107 o sektor rolny, uruchamiaj\u0105c zak\u0142ad do suszenia i magazynowania zb\u00f3\u017c.<\/strong><\/p><p class=\"p3\">Nowoczesne zaplecze obejmuje suszarni\u0119 oraz silosy zbo\u017cowe wyposa\u017cone w systemy kontroli wilgotno\u015bci i temperatury, co gwarantuje stabilne warunki przechowywania i zachowanie jako\u015bci surowca.<\/p><p class=\"p3\"><strong>Naszym atutem jest po\u0142\u0105czenie do\u015bwiadczenia in\u017cynieryjnego z praktycznym podej\u015bciem do logistyki rolniczej.<\/strong> Zapewniamy niezawodno\u015b\u0107, terminowo\u015b\u0107 i partnerskie relacje oparte na zaufaniu.<\/p><p class=\"p1\"><b>Artimex S.A. \u2013 pewny partner w suszeniu i magazynowaniu zb\u00f3\u017c.<\/b><\/p><\/div><\/blockquote>\t\t\t\t\t\t\t\t<\/div>\n\t\t\t\t<\/div>\n\t\t\t\t<div class=\"elementor-element elementor-element-802198a elementor-widget elementor-widget-energium_button\" data-id=\"802198a\" data-element_type=\"widget\" data-e-type=\"widget\" data-widget_type=\"energium_button.default\">\n\t\t\t\t<div class=\"elementor-widget-container\">\n\t\t\t\t\t\n        <div class=\"button-widget\">\n            <div class=\"button-container\">\n                <a class=\"energium-button\" href=\"https:\/\/artimex.pl\/fotowoltaika\/\" target=\"_blank\">Oddzia\u0142 Fotowoltaiki<\/a>\n            <\/div>\n        <\/div>\n        \t\t\t\t<\/div>\n\t\t\t\t<\/div>\n\t\t\t\t<div class=\"elementor-element elementor-element-d94bd5a elementor-widget elementor-widget-energium_button\" data-id=\"d94bd5a\" data-element_type=\"widget\" data-e-type=\"widget\" data-widget_type=\"energium_button.default\">\n\t\t\t\t<div class=\"elementor-widget-container\">\n\t\t\t\t\t\n        <div class=\"button-widget\">\n            <div class=\"button-container\">\n                <a class=\"energium-button\" href=\"https:\/\/artimex.pl\/\" target=\"_blank\">Oddzia\u0142 Rob\u00f3t Ziemnych<\/a>\n            <\/div>\n        <\/div>\n        \t\t\t\t<\/div>\n\t\t\t\t<\/div>\n\t\t\t\t\t<\/div>\n\t\t<\/div>\n\t\t\t\t\t<\/div>\n\t\t<\/section>\n\t\t\t\t<section class=\"elementor-section elementor-top-section elementor-element elementor-element-7db1407 elementor-section-full_width elementor-section-stretched elementor-section-height-default elementor-section-height-default\" data-id=\"7db1407\" data-element_type=\"section\" data-e-type=\"section\" data-settings=\"{&quot;stretch_section&quot;:&quot;section-stretched&quot;}\">\n\t\t\t\t\t\t<div class=\"elementor-container elementor-column-gap-no\">\n\t\t\t\t\t<div class=\"elementor-column elementor-col-100 elementor-top-column elementor-element elementor-element-bf34d78\" data-id=\"bf34d78\" data-element_type=\"column\" data-e-type=\"column\">\n\t\t\t<div class=\"elementor-widget-wrap elementor-element-populated\">\n\t\t\t\t\t\t<div class=\"elementor-element elementor-element-28bc33d elementor-widget elementor-widget-energium_content_slider\" data-id=\"28bc33d\" data-element_type=\"widget\" data-e-type=\"widget\" data-settings=\"{&quot;video_type&quot;:&quot;youtube&quot;,&quot;lightbox&quot;:&quot;yes&quot;,&quot;controls&quot;:&quot;yes&quot;,&quot;aspect_ratio&quot;:&quot;169&quot;}\" data-widget_type=\"energium_content_slider.default\">\n\t\t\t\t<div class=\"elementor-widget-container\">\n\t\t\t\t\t\n        <div class=\"energium-content-slider-widget\">\n            <div class=\"content-slider-wrapper\">\n\n                <div class=\"content-slider-container\">\n                    <div class=\"content-slider owl-carousel owl-theme\" data-slider-options=\"{&quot;items&quot;:1,&quot;nav&quot;:false,&quot;dots&quot;:true,&quot;autoplayHoverPause&quot;:true,&quot;autoplay&quot;:false,&quot;autoplaySpeed&quot;:5000,&quot;autoplayTimeout&quot;:5000,&quot;loop&quot;:true,&quot;dragEndSpeed&quot;:1200,&quot;navEndSpeed&quot;:1200,&quot;dotsSpeed&quot;:1200,&quot;dotsContainer&quot;:&quot;.owl-dots-28bc33d&quot;,&quot;animateOut&quot;:&quot;fadeOut&quot;,&quot;progress&quot;:true}\">\n                        <div class=\"content-item slider-item elementor-repeater-item-c37e0bd content-position-end image-vertical-position-middle aside-area-position-bottom\"><div class=\"elementor-section elementor-section-boxed\"><div class=\"elementor-container elementor-column-gap-extended\"><div class=\"elementor-row\"><div class=\"slide-content-column\"><div class=\"energium-content-wrapper-1\"><div class=\"energium-heading content-slider-item-heading\"><span class=\"energium-heading-content\">Inwestujemy w Zdrow\u0105<br \/>Przysz\u0142o\u015b\u0107 Naszej Planety<\/span><\/div><\/div><div class=\"energium-content-wrapper-2\"><div class=\"content-slider-item-text\"><p>Misj\u0105 naszej firmy jest lepsze i zdrowsze jutro naszej planety i naszych dzieci.<\/p><\/div><\/div><div class=\"energium-content-wrapper-3\"><div class=\"content-slider-item-buttons\"><a class=\"energium-button\" href=\"https:\/\/artimex.pl\/suszarniazboz\/kontakt\/\" target=\"_blank\">Um\u00f3w rozmow\u0119<\/a><\/div><\/div><\/div><\/div><\/div><\/div><div class=\"slide-image-column\"><div class=\"additional-image\"><\/div><\/div><\/div><div class=\"content-item slider-item elementor-repeater-item-d3ab74d content-position-end image-vertical-position-middle aside-area-position-bottom\"><div class=\"elementor-section elementor-section-boxed\"><div class=\"elementor-container elementor-column-gap-extended\"><div class=\"elementor-row\"><div class=\"slide-content-column\"><div class=\"energium-content-wrapper-1\"><div class=\"energium-heading content-slider-item-heading\"><span class=\"energium-heading-content\">Nowa jako\u015b\u0107 w suszeniu i magazynowaniu zb\u00f3\u017c<\/span><\/div><\/div><div class=\"energium-content-wrapper-2\"><div class=\"content-slider-item-text\"><p>10 lat do\u015bwiadczenia w bran\u017cy<\/p><\/div><\/div><div class=\"energium-content-wrapper-3\"><div class=\"content-slider-item-buttons\"><a class=\"energium-button\" href=\"https:\/\/artimex.pl\/suszarniazboz\/kontakt\/\" target=\"_blank\">Um\u00f3w rozmow\u0119<\/a><\/div><\/div><\/div><\/div><\/div><\/div><div class=\"slide-image-column\"><div class=\"additional-image\"><\/div><\/div><\/div>                    <\/div>\n                    <div class=\"bottom-area bottom-area-position-left\"><div class=\"slider-progress-wrapper progress-direction-horizontal\"><div class=\"slider-progress-current\">01<\/div><div class=\"slider-progress-track\"><div class=\"progress\" style=\"width: 50%\"><\/div><\/div><div class=\"slider-progress-all\">02<\/div><\/div><div class=\"owl-dots owl-dots-28bc33d\"><\/div><\/div><div class=\"content-slider-scroll-down button-position-right\" aria-label=\"Scroll Down\"><\/div>                <\/div>\n\n            <\/div>\n        <\/div>\n        \t\t\t\t<\/div>\n\t\t\t\t<\/div>\n\t\t\t\t\t<\/div>\n\t\t<\/div>\n\t\t\t\t\t<\/div>\n\t\t<\/section>\n\t\t\t\t<section class=\"elementor-section elementor-top-section elementor-element elementor-element-b732d23 elementor-section-boxed elementor-section-height-default elementor-section-height-default\" data-id=\"b732d23\" data-element_type=\"section\" data-e-type=\"section\">\n\t\t\t\t\t\t<div class=\"elementor-container elementor-column-gap-default\">\n\t\t\t\t\t<div class=\"elementor-column elementor-col-100 elementor-top-column elementor-element elementor-element-f258a84\" data-id=\"f258a84\" data-element_type=\"column\" data-e-type=\"column\">\n\t\t\t<div class=\"elementor-widget-wrap elementor-element-populated\">\n\t\t\t\t\t\t<div class=\"elementor-element elementor-element-f783e36 elementor-widget__width-initial elementor-absolute elementor-hidden-mobile elementor-invisible elementor-widget elementor-widget-image\" data-id=\"f783e36\" data-element_type=\"widget\" data-e-type=\"widget\" data-settings=\"{&quot;_position&quot;:&quot;absolute&quot;,&quot;_animation&quot;:&quot;fadeInRight&quot;}\" data-widget_type=\"image.default\">\n\t\t\t\t<div class=\"elementor-widget-container\">\n\t\t\t\t\t\t\t\t\t\t\t\t\t\t\t<img fetchpriority=\"high\" decoding=\"async\" width=\"800\" height=\"533\" src=\"https:\/\/artimex.pl\/suszarniazboz\/wp-content\/uploads\/2025\/10\/silos_bg.webp\" class=\"attachment-full size-full wp-image-6027\" alt=\"\" srcset=\"https:\/\/artimex.pl\/suszarniazboz\/wp-content\/uploads\/2025\/10\/silos_bg.webp 800w, https:\/\/artimex.pl\/suszarniazboz\/wp-content\/uploads\/2025\/10\/silos_bg-300x200.webp 300w, https:\/\/artimex.pl\/suszarniazboz\/wp-content\/uploads\/2025\/10\/silos_bg-768x512.webp 768w\" sizes=\"(max-width: 800px) 100vw, 800px\" \/>\t\t\t\t\t\t\t\t\t\t\t\t\t\t\t<\/div>\n\t\t\t\t<\/div>\n\t\t\t\t<div class=\"elementor-element elementor-element-ce49d19 elementor-widget elementor-widget-image\" data-id=\"ce49d19\" data-element_type=\"widget\" data-e-type=\"widget\" data-widget_type=\"image.default\">\n\t\t\t\t<div class=\"elementor-widget-container\">\n\t\t\t\t\t\t\t\t\t\t\t\t\t\t\t<img decoding=\"async\" width=\"512\" height=\"512\" src=\"https:\/\/artimex.pl\/suszarniazboz\/wp-content\/uploads\/2022\/11\/artimex-favico.jpeg\" class=\"attachment-full size-full wp-image-5370\" alt=\"\" srcset=\"https:\/\/artimex.pl\/suszarniazboz\/wp-content\/uploads\/2022\/11\/artimex-favico.jpeg 512w, https:\/\/artimex.pl\/suszarniazboz\/wp-content\/uploads\/2022\/11\/artimex-favico-300x300.jpeg 300w, https:\/\/artimex.pl\/suszarniazboz\/wp-content\/uploads\/2022\/11\/artimex-favico-150x150.jpeg 150w, https:\/\/artimex.pl\/suszarniazboz\/wp-content\/uploads\/2022\/11\/artimex-favico-480x480.jpeg 480w, https:\/\/artimex.pl\/suszarniazboz\/wp-content\/uploads\/2022\/11\/artimex-favico-384x384.jpeg 384w, https:\/\/artimex.pl\/suszarniazboz\/wp-content\/uploads\/2022\/11\/artimex-favico-320x320.jpeg 320w\" sizes=\"(max-width: 512px) 100vw, 512px\" \/>\t\t\t\t\t\t\t\t\t\t\t\t\t\t\t<\/div>\n\t\t\t\t<\/div>\n\t\t\t\t<div class=\"elementor-element elementor-element-4091fef elementor-absolute elementor-hidden-mobile_extra elementor-hidden-mobile elementor-widget elementor-widget-energium_vertical_text\" data-id=\"4091fef\" data-element_type=\"widget\" data-e-type=\"widget\" data-settings=\"{&quot;_position&quot;:&quot;absolute&quot;}\" data-widget_type=\"energium_vertical_text.default\">\n\t\t\t\t<div class=\"elementor-widget-container\">\n\t\t\t\t\t<div class=\"vertical-text\">ARTIMEX PV<\/div>\t\t\t\t<\/div>\n\t\t\t\t<\/div>\n\t\t\t\t<div class=\"elementor-element elementor-element-02ab991 elementor-widget elementor-widget-energium_heading\" data-id=\"02ab991\" data-element_type=\"widget\" data-e-type=\"widget\" data-widget_type=\"energium_heading.default\">\n\t\t\t\t<div class=\"elementor-widget-container\">\n\t\t\t\t\t<div class=\"energium-heading-widget\"><h1 class=\"energium-heading\"><span class=\"energium-heading-content\">Artimex tworzy<br \/><span style=\"color: #31ce0d\"><span style=\"color: #4ca051\">Lepsz\u0105 i zdrowsz\u0105<br \/><\/span><\/span><span style=\"color: #31ce0d\">Przysz\u0142o\u015b\u0107 Ziemii<\/span><\/span><\/h1><\/div>\t\t\t\t<\/div>\n\t\t\t\t<\/div>\n\t\t\t\t\t<\/div>\n\t\t<\/div>\n\t\t\t\t\t<\/div>\n\t\t<\/section>\n\t\t\t\t<section class=\"elementor-section elementor-top-section elementor-element elementor-element-4308b91 elementor-section-boxed elementor-section-height-default elementor-section-height-default\" data-id=\"4308b91\" data-element_type=\"section\" data-e-type=\"section\">\n\t\t\t\t\t\t<div class=\"elementor-container elementor-column-gap-default\">\n\t\t\t\t\t<div class=\"elementor-column elementor-col-100 elementor-top-column elementor-element elementor-element-ba6862b\" data-id=\"ba6862b\" data-element_type=\"column\" data-e-type=\"column\">\n\t\t\t<div class=\"elementor-widget-wrap elementor-element-populated\">\n\t\t\t\t\t\t<div class=\"elementor-element elementor-element-6215033 elementor-hidden-laptop elementor-hidden-tablet_extra elementor-hidden-tablet elementor-hidden-mobile_extra elementor-hidden-mobile elementor-widget elementor-widget-energium_vertical_text\" data-id=\"6215033\" data-element_type=\"widget\" data-e-type=\"widget\" data-widget_type=\"energium_vertical_text.default\">\n\t\t\t\t<div class=\"elementor-widget-container\">\n\t\t\t\t\t<div class=\"vertical-text\">Team<\/div>\t\t\t\t<\/div>\n\t\t\t\t<\/div>\n\t\t\t\t<div class=\"elementor-element elementor-element-0a5521a elementor-widget elementor-widget-energium_heading\" data-id=\"0a5521a\" data-element_type=\"widget\" data-e-type=\"widget\" data-widget_type=\"energium_heading.default\">\n\t\t\t\t<div class=\"elementor-widget-container\">\n\t\t\t\t\t<div class=\"energium-heading-widget\"><h2 class=\"energium-heading\"><span class=\"energium-heading-icon\"><i class=\"fontello icon-title-element\"><\/i><\/span><span class=\"energium-heading-content\">Pracuj z nami<\/span><\/h2><\/div>\t\t\t\t<\/div>\n\t\t\t\t<\/div>\n\t\t\t\t<section class=\"elementor-section elementor-inner-section elementor-element elementor-element-e171553 elementor-section-boxed elementor-section-height-default elementor-section-height-default\" data-id=\"e171553\" data-element_type=\"section\" data-e-type=\"section\">\n\t\t\t\t\t\t<div class=\"elementor-container elementor-column-gap-extended\">\n\t\t\t\t\t<div class=\"elementor-column elementor-col-25 elementor-inner-column elementor-element elementor-element-60fa9ae\" data-id=\"60fa9ae\" data-element_type=\"column\" data-e-type=\"column\">\n\t\t\t<div class=\"elementor-widget-wrap elementor-element-populated\">\n\t\t\t\t\t\t<div class=\"elementor-element elementor-element-35b27e8 elementor-widget elementor-widget-energium_team_member\" data-id=\"35b27e8\" data-element_type=\"widget\" data-e-type=\"widget\" data-widget_type=\"energium_team_member.default\">\n\t\t\t\t<div class=\"elementor-widget-container\">\n\t\t\t\t\t\n            <div class=\"energium-team-member-widget\">\n                <div class=\"team-member-item\">\n\n                    <div class=\"team-member-item-media\">\n                        <img decoding=\"async\" src=\"https:\/\/artimex.pl\/suszarniazboz\/wp-content\/uploads\/2022\/11\/1574990966584-572x661.jpeg\" alt=\"\" \/>\n                        <div class=\"team-member-item-socials\"><span class=\"socials-trigger\"><\/span><ul class=\"wrapper-socials team-member-socials\"><li><a class=\"fab fa-linkedin-in\" href=\"https:\/\/www.linkedin.com\/in\/piotr-arent-586b91105\/\" target=\"_blank\" rel=\"noopener\"><\/a><\/li><\/ul><\/div>                    <\/div>\n\n                    <div class=\"team-member-item-content\"><div class=\"team-member-item-name\">Piotr Arent<\/div><div class=\"team-member-item-position\">Prezes Zarz\u0105du<\/div><div class=\"team-member-item-phone\">Zapraszam do wsp\u00f3\u0142pracy<\/div><\/div>                <\/div>\n            <\/div>\n\n        \t\t\t\t<\/div>\n\t\t\t\t<\/div>\n\t\t\t\t\t<\/div>\n\t\t<\/div>\n\t\t\t\t<div class=\"elementor-column elementor-col-25 elementor-inner-column elementor-element elementor-element-455850e\" data-id=\"455850e\" data-element_type=\"column\" data-e-type=\"column\">\n\t\t\t<div class=\"elementor-widget-wrap elementor-element-populated\">\n\t\t\t\t\t\t<div class=\"elementor-element elementor-element-4d3d099 type-7 elementor-absolute elementor-invisible elementor-widget elementor-widget-energium_decoration\" data-id=\"4d3d099\" data-element_type=\"widget\" data-e-type=\"widget\" data-settings=\"{&quot;_position&quot;:&quot;absolute&quot;,&quot;_animation&quot;:&quot;energium_decoration&quot;}\" data-widget_type=\"energium_decoration.default\">\n\t\t\t\t<div class=\"elementor-widget-container\">\n\t\t\t\t\t<div class=\"decoration\"><div class=\"decoration-inner-1\"><div class=\"decoration-inner-2\"><div class=\"decoration-inner-3\"><\/div><\/div><\/div><\/div>\t\t\t\t<\/div>\n\t\t\t\t<\/div>\n\t\t\t\t<div class=\"elementor-element elementor-element-ce83c38 elementor-widget__width-auto elementor-absolute elementor-widget elementor-widget-counter\" data-id=\"ce83c38\" data-element_type=\"widget\" data-e-type=\"widget\" data-settings=\"{&quot;_position&quot;:&quot;absolute&quot;}\" data-widget_type=\"counter.default\">\n\t\t\t\t<div class=\"elementor-widget-container\">\n\t\t\t\t\t\t\t<div class=\"elementor-counter\">\n\t\t\t<div class=\"elementor-counter-title\">Ton na dob\u0119 -<br>zdolno\u015b\u0107 suszenia kukurydzy<\/div>\t\t\t<div class=\"elementor-counter-number-wrapper\">\n\t\t\t\t<span class=\"elementor-counter-number-prefix\"><\/span>\n\t\t\t\t<span class=\"elementor-counter-number\" data-duration=\"2000\" data-to-value=\"500\" data-from-value=\"0\" data-delimiter=\",\">0<\/span>\n\t\t\t\t<span class=\"elementor-counter-number-suffix\">+<\/span>\n\t\t\t<\/div>\n\t\t<\/div>\n\t\t\t\t\t\t<\/div>\n\t\t\t\t<\/div>\n\t\t\t\t\t<\/div>\n\t\t<\/div>\n\t\t\t\t<div class=\"elementor-column elementor-col-25 elementor-inner-column elementor-element elementor-element-c1a27df\" data-id=\"c1a27df\" data-element_type=\"column\" data-e-type=\"column\">\n\t\t\t<div class=\"elementor-widget-wrap elementor-element-populated\">\n\t\t\t\t\t\t<div class=\"elementor-element elementor-element-a010f92 type-7 elementor-absolute elementor-invisible elementor-widget elementor-widget-energium_decoration\" data-id=\"a010f92\" data-element_type=\"widget\" data-e-type=\"widget\" data-settings=\"{&quot;_position&quot;:&quot;absolute&quot;,&quot;_animation&quot;:&quot;energium_decoration&quot;}\" data-widget_type=\"energium_decoration.default\">\n\t\t\t\t<div class=\"elementor-widget-container\">\n\t\t\t\t\t<div class=\"decoration\"><div class=\"decoration-inner-1\"><div class=\"decoration-inner-2\"><div class=\"decoration-inner-3\"><\/div><\/div><\/div><\/div>\t\t\t\t<\/div>\n\t\t\t\t<\/div>\n\t\t\t\t<div class=\"elementor-element elementor-element-fdffe73 elementor-widget__width-auto elementor-absolute elementor-widget elementor-widget-counter\" data-id=\"fdffe73\" data-element_type=\"widget\" data-e-type=\"widget\" data-settings=\"{&quot;_position&quot;:&quot;absolute&quot;}\" data-widget_type=\"counter.default\">\n\t\t\t\t<div class=\"elementor-widget-container\">\n\t\t\t\t\t\t\t<div class=\"elementor-counter\">\n\t\t\t<div class=\"elementor-counter-title\">Ton - <br>pojemno\u015b\u0107 magazynu<\/div>\t\t\t<div class=\"elementor-counter-number-wrapper\">\n\t\t\t\t<span class=\"elementor-counter-number-prefix\"><\/span>\n\t\t\t\t<span class=\"elementor-counter-number\" data-duration=\"2000\" data-to-value=\"10000\" data-from-value=\"0\" data-delimiter=\",\">0<\/span>\n\t\t\t\t<span class=\"elementor-counter-number-suffix\"><\/span>\n\t\t\t<\/div>\n\t\t<\/div>\n\t\t\t\t\t\t<\/div>\n\t\t\t\t<\/div>\n\t\t\t\t\t<\/div>\n\t\t<\/div>\n\t\t\t\t<div class=\"elementor-column elementor-col-25 elementor-inner-column elementor-element elementor-element-a422adf\" data-id=\"a422adf\" data-element_type=\"column\" data-e-type=\"column\">\n\t\t\t<div class=\"elementor-widget-wrap elementor-element-populated\">\n\t\t\t\t\t\t<div class=\"elementor-element elementor-element-cfd1123 type-7 elementor-absolute elementor-invisible elementor-widget elementor-widget-energium_decoration\" data-id=\"cfd1123\" data-element_type=\"widget\" data-e-type=\"widget\" data-settings=\"{&quot;_position&quot;:&quot;absolute&quot;,&quot;_animation&quot;:&quot;energium_decoration&quot;}\" data-widget_type=\"energium_decoration.default\">\n\t\t\t\t<div class=\"elementor-widget-container\">\n\t\t\t\t\t<div class=\"decoration\"><div class=\"decoration-inner-1\"><div class=\"decoration-inner-2\"><div class=\"decoration-inner-3\"><\/div><\/div><\/div><\/div>\t\t\t\t<\/div>\n\t\t\t\t<\/div>\n\t\t\t\t<div class=\"elementor-element elementor-element-84755fd elementor-widget__width-auto elementor-absolute elementor-widget elementor-widget-counter\" data-id=\"84755fd\" data-element_type=\"widget\" data-e-type=\"widget\" data-settings=\"{&quot;_position&quot;:&quot;absolute&quot;}\" data-widget_type=\"counter.default\">\n\t\t\t\t<div class=\"elementor-widget-container\">\n\t\t\t\t\t\t\t<div class=\"elementor-counter\">\n\t\t\t<div class=\"elementor-counter-title\">Lata do\u015bwiadczenia w bran\u017cy<\/div>\t\t\t<div class=\"elementor-counter-number-wrapper\">\n\t\t\t\t<span class=\"elementor-counter-number-prefix\"><\/span>\n\t\t\t\t<span class=\"elementor-counter-number\" data-duration=\"2000\" data-to-value=\"10\" data-from-value=\"0\" data-delimiter=\",\">0<\/span>\n\t\t\t\t<span class=\"elementor-counter-number-suffix\">+<\/span>\n\t\t\t<\/div>\n\t\t<\/div>\n\t\t\t\t\t\t<\/div>\n\t\t\t\t<\/div>\n\t\t\t\t\t<\/div>\n\t\t<\/div>\n\t\t\t\t\t<\/div>\n\t\t<\/section>\n\t\t\t\t\t<\/div>\n\t\t<\/div>\n\t\t\t\t\t<\/div>\n\t\t<\/section>\n\t\t\t\t<\/div>\n\t\t","protected":false},"excerpt":{"rendered":"<p>Ton na dob\u0119 &#8211; zdolno\u015b\u0107 suszenia kukurydzy 0 Stabilnego rozwoju naszej firmy 0 lata + Specjalist\u00f3w w zespole 0 + Artimex S.A. \u2013 operator infrastruktury rolniczej i magazynowej Sp\u00f3\u0142ka Artimex S.A. dzia\u0142a od 2002 roku, rozwijaj\u0105c dzia\u0142alno\u015b\u0107 w bran\u017cy budowlanej i&#8230;<\/p>\n","protected":false},"author":1,"featured_media":0,"parent":0,"menu_order":0,"comment_status":"closed","ping_status":"closed","template":"","meta":{"inline_featured_image":false,"footnotes":""},"class_list":["post-19","page","type-page","status-publish","hentry"],"_links":{"self":[{"href":"https:\/\/artimex.pl\/suszarniazboz\/wp-json\/wp\/v2\/pages\/19","targetHints":{"allow":["GET"]}}],"collection":[{"href":"https:\/\/artimex.pl\/suszarniazboz\/wp-json\/wp\/v2\/pages"}],"about":[{"href":"https:\/\/artimex.pl\/suszarniazboz\/wp-json\/wp\/v2\/types\/page"}],"author":[{"embeddable":true,"href":"https:\/\/artimex.pl\/suszarniazboz\/wp-json\/wp\/v2\/users\/1"}],"replies":[{"embeddable":true,"href":"https:\/\/artimex.pl\/suszarniazboz\/wp-json\/wp\/v2\/comments?post=19"}],"version-history":[{"count":79,"href":"https:\/\/artimex.pl\/suszarniazboz\/wp-json\/wp\/v2\/pages\/19\/revisions"}],"predecessor-version":[{"id":6297,"href":"https:\/\/artimex.pl\/suszarniazboz\/wp-json\/wp\/v2\/pages\/19\/revisions\/6297"}],"wp:attachment":[{"href":"https:\/\/artimex.pl\/suszarniazboz\/wp-json\/wp\/v2\/media?parent=19"}],"curies":[{"name":"wp","href":"https:\/\/api.w.org\/{rel}","templated":true}]}}